e -l*y - 31 = -472. What is the units digit of y?
3
Let s(u) = -u - 8. Let g be s(-14). Let f be 1 + -1 + (-100)/(-1). Suppose g*x - x = f. What is the tens digit of x?
2
Let s be -10*7*(-3)/(-6). Let c = -22 - s. What is the units digit of c?
3
Suppose 3*o + 3716 = 3*j - 1243, 0 = -3*j - o + 4939. What is the units digit of j?
8
What is the hundreds digit of (6 - (159 + -7))*-1?
1
What is the tens digit of (1/(14/(-844)))/((-62)/434)?
2
Suppose 2*p - 397 = z, 61 + 133 = p - 2*z. What is the units digit of p?
0
Suppose 2*d = 10 - 0, -14 = -b + 5*d. What is the tens digit of b?
3
Suppose 34 = 4*r - 10. Let w(j) = -j**3 + 12*j**2 - 8*j + 3. What is the tens digit of w(r)?
3
Suppose -2*j - 3*j - 50 = 0. Let y be (-4138)/j - (-1)/5. What is the units digit of y/15 + 6/(-10)?
7
Let q(n) = -n**3 - 3*n**2 + 5*n + 1. Let p = 30 + -26. Suppose -p*l - 5 - 19 = 0. What is the units digit of q(l)?
9
Suppose -4 = -4*b + 8. Let w be (-4)/(-6) - (1 + (-16)/12). Suppose b*k = 4 - w. What is the units digit of k?
1
Let t = 555 - 195. Suppose 0*d - 8*d + t = 0. What is the units digit of d?
5
Let f(d) = 3*d**3 - 4*d**2 - d - 30. Let i be f(9). Let a(m) = 4*m + 4. Let j be a(-5). What is the units digit of (1/(-3))/(j/i)?
8
Suppose 22*k - 10 = 20*k. Suppose -k*s - 122 = 3*r - 373, 2*s = 3*r + 92. What is the tens digit of s?
4
Suppose -5*j + 3*l + 1005 = 0, 0 = -2*j - 5*l + 347 + 86. Let g = -95 + j. What is the hundreds digit of g?
1
Let f(p) = 3*p**2 + 13*p - 2*p**2 + 10 + 9*p**2 + p**3. Let v be f(-9). Let k = -9 - v. What is the units digit of k?
7
Let g(q) = 11*q**2 - 3. Let w be g(-3). Suppose -3*d + 5*d + w = 0. Let h = 72 + d. What is the tens digit of h?
2
Let p(d) = 24*d**2 - d + 2. What is the hundreds digit of p(-5)?
6
Suppose -3*k + 8*k = 5*i + 2135, -3*k - 5*i + 1257 = 0. What is the tens digit of k?
2
What is the units digit of (-2 + 35/14)*2296?
8
Let s(g) be the third derivative of 0 + 0*g - 8*g**2 + 1/60*g**6 - 1/8*g**4 - 1/15*g**5 + 2/3*g**3. What is the units digit of s(4)?
6
Suppose -k - 3*m = -77, 0 = -k + 2*m + 92. Let u = k - 38. What is the tens digit of u?
4
Let x = 23 + -20. Suppose 5 = -p - 5*b + 40, 0 = x*p - b - 25. What is the tens digit of p?
1
Let n(t) = 37*t**2. Suppose 24 - 66 = 3*b. Let o = b - -15. What is the tens digit of n(o)?
3
Let x be (-34)/(-6) - 2/3. Suppose -5*a - 416 = -4*t, t + 2*t - 312 = -x*a. What is the units digit of t?
4
Let l = -297 - -1209. What is the units digit of l?
2
Suppose 2*p - 7*p = -5. What is the tens digit of (((-29)/4)/(2/(-8)))/p?
2
Suppose 0 = -3*p + s + 2, -2*s - 4 = -p + 5. Let v(z) = z**2 + 5*z - 7. Let m be v(-8). Let y = p + m. What is the tens digit of y?
1
Suppose d = -2*d + 4*s - 20, 5*d - 5 = -s. Suppose d*a + 84 = a. Let q = a - 46. What is the tens digit of q?
3
Let f = -77 + 79. Let p = 3 - 1. What is the tens digit of (1 - -23) + (f - p)?
2
Let f(v) = 413*v**3 - 1. Let b be f(1). Suppose -k + b = 3*k. What is the hundreds digit of k?
1
Let p = -233 + 396. What is the hundreds digit of p?
1
Let n(w) = -w - 2. Let c be n(-4). Suppose 5*p - c*q = 75, 4*p = 4*q + 90 - 18. What is the tens digit of p?
1
Let o(h) = 2*h**3 + 19*h**2 + 11*h. Let l be o(-9). Suppose -5*g = -g - 180. Let t = g + l. What is the units digit of t?
7
Suppose 4*d = 9*d - 5. What is the tens digit of -12 + 8 - (-47 - d)?
4
Let i = -1925 + 2700. What is the units digit of i?
5
Let n(f) = f**3 + 9*f**2 - 4*f - 4. Let p be n(-7). Suppose 0 = 4*k - u - 130, -5*u - p = k - 5*k. What is the tens digit of k?
3
Suppose 0 = -2*k - 2*k + 328. Suppose -22*r - 184 - 872 = 0. Let l = r + k. What is the units digit of l?
4
Suppose 98 - 1281 = -2*f - 5*p, 2*f - 1153 = p. Suppose 2*l - 93 = -s, 5*s - 3*l + 101 = f. What is the tens digit of s?
9
Let m be (20/6)/(24/36). Let x(f) = m - 7*f + f**2 + 4 + 0*f. What is the tens digit of x(10)?
3
Suppose -3*v + 2*p = -1447, 969 = 2*v - 2*p + 5*p. What is the hundreds digit of v?
4
Suppose 5*g - 8 = 12, -5*k = -3*g - 15468. What is the thousands digit of k?
3
Let q be 10/2*2/2. Suppose 4 = q*v - 3*v. What is the tens digit of 1/((v + -7)/(-335))?
6
Suppose -2*g - 2 = -4*g. Let x(z) = -10*z**2 + 2*z - 1. Let b be x(g). Let n = 16 + b. What is the units digit of n?
7
Suppose 50*l = 59*l - 20241. What is the units digit of l?
9
Let j be 13 + -17 - (1 - 84). Suppose -w + j = 4*w - 3*s, s - 2 = 0. What is the tens digit of w?
1
Let z = -1190 + 1693. What is the hundreds digit of z?
5
Suppose 7*z - 3 = 18. Suppose -2*d - 2 = 4, 0 = z*r + d - 888. What is the tens digit of r?
9
Suppose -170*i + 165*i = -325. What is the units digit of i?
5
Let u(o) = 16 + 17*o + 6 + 12. What is the tens digit of u(8)?
7
Suppose -3*z - c = -5405 - 1980, -2*z - 4*c = -4910. What is the hundreds digit of z?
4
Suppose 2*q = 2*b + 830, 94 = -2*q + 4*b + 934. What is the hundreds digit of q?
4
Let a(o) = -o**3 - 4*o**2 + 3*o - 3. Let q be a(-5). Let y(l) = l**3 - 7*l**2 + 8*l - 10. Let v be y(q). Suppose 2*t = -v + 114. What is the units digit of t?
4
Suppose r + 3*t + 183 = 0, -16 + 6 = 5*t. Let b = 297 + r. What is the units digit of b?
0
What is the units digit of (55246/(-69))/(6/(-9))?
1
Let y = -36 - -39. What is the units digit of (y - 8/4) + 233?
4
Let n(t) be the first derivative of -t**4/4 + t**3/3 - 3*t**2/2 + t + 4. Let w be n(2). What is the units digit of 3 + -1*1*w?
2
Let w = 19 - 5. What is the tens digit of w?
1
Suppose 2*t - 2007 + 633 = 0. What is the hundreds digit of t?
6
Suppose -3*b + 36 = 3*p, -29 + 1 = -3*b + 5*p. Suppose 0 = g - 2, -57 = -3*o + 5*g + b. Let i = 37 - o. What is the tens digit of i?
1
Suppose -14*t + 2516 = 23*t. What is the units digit of t?
8
Let d(h) = 5*h + 6. Let b be d(6). Suppose 3*p - 3*i = b, -p + 0*p + 18 = i. Suppose -p = -2*o - 3*o. What is the units digit of o?
3
Suppose 35*r - 43367 = 18*r. What is the tens digit of r?
5
Let g(j) be the first derivative of -15*j**2/2 + 22*j - 18. What is the tens digit of g(-11)?
8
Suppose 5*d + u - 8 = 0, d - 3*d + u + 6 = 0. Suppose -z - 2*k + 191 = d*z, 3*z = -5*k + 176. What is the tens digit of z?
6
What is the hundreds digit of 12575/10*(24/10 + -2)?
5
Suppose 9*r - 1574 = 55. What is the hundreds digit of r?
1
Let b = -1756 + 1784. What is the tens digit of b?
2
Suppose 433 = 4*r + 5*l, r - 2*r + 5*l = -102. Suppose -r - 59 = -3*b + 5*y, 54 = b - 2*y. What is the tens digit of b?
6
Suppose 0 = -3*z + 2*w + 642 + 532, z = -4*w + 382. What is the tens digit of z?
9
Suppose -4 - 8 = -4*k. Suppose 2*q - 24 = 3*w - 7*w, -3*w + 9 = -k*q. Suppose -5*a - o + 17 = 6, 0 = -w*a + o + 19. What is the units digit of a?
3
Suppose -t + 1165 = -2*c, 0 = t - 5*t - c + 4669. What is the tens digit of t?
6
Suppose 2*a - 3*l - 111 = 0, 3*a + 0*a + l - 161 = 0. Suppose 9 = 3*f - 0, 3*n - a = -5*f. Suppose -153 = -16*w + n*w. What is the tens digit of w?
5
Let n(o) = -4*o + 197. What is the tens digit of n(19)?
2
Let b(t) = 3*t**2 - 5*t + 9. Let a be 4*-1 - 1 - (-2 - -1). What is the units digit of b(a)?
7
What is the hundreds digit of (-8)/(-20)*9160/16?
2
Suppose k + k + 5*j = 827, j + 1 = 0. What is the units digit of k?
6
Let t(g) be the third derivative of -g**6/30 - g**5/20 - g**4/8 - g**3/6 + 3*g**2. What is the tens digit of t(-2)?
2
Suppose 5*z + 8 = 2*z - 4*c, 5*z = 5*c + 45. Suppose 43 - z = p. What is the units digit of p?
9
Suppose -141 + 39 = -6*w. What is the units digit of w?
7
Let x = 1 + 2. What is the tens digit of (-2)/6 + 181/x?
6
Let i be ((-2)/(-1))/((-2)/7). Let c = i - -2. What is the units digit of 3 + c + 42/1?
0
Suppose 0 = -3*s - 12, -3*s + 231 = 2*j + j. Suppose 0 = y + u - 59, y + 4*u - 84 = -22. Let l = j - y. What is the tens digit of l?
2
Let r be (-3)/(-39)*-41 - 4/(-26). Let a(d) = 6*d**2 - 2*d + 6. What is the tens digit of a(r)?
6
Suppose -u - 2861 = -2*v + 1189, -2*v + 5*u = -4034. What is the units digit of v?
7
Let j(m) be the second derivative of -m**3/6 - 3*m**2 + 2*m. Let b be j(0). What is the units digit of ((-48)/(-32))/(b/(-256))?
4
Let x(t) = -t**3 + 11*t**2 + 8*t - 2. Suppose 5*z + v + 0*v - 61 = 0, -3*v = 2*z - 27. Let a be x(z). What is the units digit of (-1 - 1) + 3 - a?
1
Let n = -14 + 10. Let b be n/(-12) - (-159)/9. What is the units digit of 292/b - 8/36?
6
Let f be (33/6)/(1/(-2